{"id":6,"date":"2023-06-07T10:50:13","date_gmt":"2023-06-07T10:50:13","guid":{"rendered":"https:\/\/gewinnspiel.systemhaus-erdmann.de\/?page_id=6"},"modified":"2023-06-07T11:52:20","modified_gmt":"2023-06-07T11:52:20","slug":"gewinnspiel","status":"publish","type":"page","link":"https:\/\/gewinnspiel.systemhaus-erdmann.de\/","title":{"rendered":"Gewinnspiel"},"content":{"rendered":"\t\t<div data-elementor-type=\"wp-page\" data-elementor-id=\"6\" class=\"elementor elementor-6\">\n\t\t\t\t\t\t\t\t\t<section class=\"elementor-section elementor-top-section elementor-element elementor-element-93fe3fb elementor-section-boxed elementor-section-height-default elementor-section-height-default\" data-id=\"93fe3fb\" data-element_type=\"section\" data-settings=\"{&quot;background_background&quot;:&quot;classic&quot;}\">\n\t\t\t\t\t\t<div class=\"elementor-container elementor-column-gap-default\">\n\t\t\t\t\t<div class=\"elementor-column elementor-col-25 elementor-top-column elementor-element elementor-element-73ceb9c\" data-id=\"73ceb9c\" data-element_type=\"column\">\n\t\t\t<div class=\"elementor-widget-wrap\">\n\t\t\t\t\t\t\t\t\t<\/div>\n\t\t<\/div>\n\t\t\t\t<div class=\"elementor-column elementor-col-25 elementor-top-column elementor-element elementor-element-7ad0ae5\" data-id=\"7ad0ae5\" data-element_type=\"column\">\n\t\t\t<div class=\"elementor-widget-wrap\">\n\t\t\t\t\t\t\t\t\t<\/div>\n\t\t<\/div>\n\t\t\t\t<div class=\"elementor-column elementor-col-25 elementor-top-column elementor-element elementor-element-54ff1df\" data-id=\"54ff1df\" data-element_type=\"column\">\n\t\t\t<div class=\"elementor-widget-wrap\">\n\t\t\t\t\t\t\t\t\t<\/div>\n\t\t<\/div>\n\t\t\t\t<div class=\"elementor-column elementor-col-25 elementor-top-column elementor-element elementor-element-ac598e9\" data-id=\"ac598e9\" data-element_type=\"column\">\n\t\t\t<div class=\"elementor-widget-wrap elementor-element-populated\">\n\t\t\t\t\t\t\t\t<div class=\"elementor-element elementor-element-a8401d8 elementor-widget elementor-widget-text-editor\" data-id=\"a8401d8\" data-element_type=\"widget\" data-widget_type=\"text-editor.default\">\n\t\t\t\t<div class=\"elementor-widget-container\">\n\t\t\t<style>\/*! elementor - v3.13.3 - 28-05-2023 *\/\n.elementor-widget-text-editor.elementor-drop-cap-view-stacked .elementor-drop-cap{background-color:#69727d;color:#fff}.elementor-widget-text-editor.elementor-drop-cap-view-framed .elementor-drop-cap{color:#69727d;border:3px solid;background-color:transparent}.elementor-widget-text-editor:not(.elementor-drop-cap-view-default) .elementor-drop-cap{margin-top:8px}.elementor-widget-text-editor:not(.elementor-drop-cap-view-default) .elementor-drop-cap-letter{width:1em;height:1em}.elementor-widget-text-editor .elementor-drop-cap{float:left;text-align:center;line-height:1;font-size:50px}.elementor-widget-text-editor .elementor-drop-cap-letter{display:inline-block}<\/style>\t\t\t\t<section id=\"sp-top-block\"><div class=\"container\"><div class=\"row\"><div id=\"sp-top1\" class=\"col-lg-12 \"><div class=\"sp-column \"><div class=\"custom topContact\"><div class=\"row\"><div class=\"col-xs-12\"><p>0212.65 98 5-0 info@systemhaus-erdmann.de<\/p><\/div><\/div><\/div><\/div><\/div><\/div><\/div><\/section>\t\t\t\t\t\t<\/div>\n\t\t\t\t<\/div>\n\t\t\t\t\t<\/div>\n\t\t<\/div>\n\t\t\t\t\t\t\t<\/div>\n\t\t<\/section>\n\t\t\t\t<section class=\"elementor-section elementor-top-section elementor-element elementor-element-669902b elementor-section-boxed elementor-section-height-default elementor-section-height-default\" data-id=\"669902b\" data-element_type=\"section\" data-settings=\"{&quot;background_background&quot;:&quot;classic&quot;}\">\n\t\t\t\t\t\t<div class=\"elementor-container elementor-column-gap-default\">\n\t\t\t\t\t<div class=\"elementor-column elementor-col-25 elementor-top-column elementor-element elementor-element-f794980\" data-id=\"f794980\" data-element_type=\"column\" data-settings=\"{&quot;background_background&quot;:&quot;classic&quot;}\">\n\t\t\t<div class=\"elementor-widget-wrap elementor-element-populated\">\n\t\t\t\t\t\t\t\t<div class=\"elementor-element elementor-element-f15edeb elementor-widget__width-initial elementor-widget elementor-widget-image\" data-id=\"f15edeb\" data-element_type=\"widget\" data-widget_type=\"image.default\">\n\t\t\t\t<div class=\"elementor-widget-container\">\n\t\t\t<style>\/*! elementor - v3.13.3 - 28-05-2023 *\/\n.elementor-widget-image{text-align:center}.elementor-widget-image a{display:inline-block}.elementor-widget-image a img[src$=\".svg\"]{width:48px}.elementor-widget-image img{vertical-align:middle;display:inline-block}<\/style>\t\t\t\t\t\t\t\t\t\t\t\t<img loading=\"lazy\" decoding=\"async\" width=\"1024\" height=\"251\" src=\"https:\/\/gewinnspiel.systemhaus-erdmann.de\/wp-content\/uploads\/2023\/06\/erdman_logo_handball_v2-1024x251.png\" class=\"attachment-large size-large wp-image-11\" alt=\"\" srcset=\"https:\/\/gewinnspiel.systemhaus-erdmann.de\/wp-content\/uploads\/2023\/06\/erdman_logo_handball_v2-1024x251.png 1024w, https:\/\/gewinnspiel.systemhaus-erdmann.de\/wp-content\/uploads\/2023\/06\/erdman_logo_handball_v2-300x73.png 300w, https:\/\/gewinnspiel.systemhaus-erdmann.de\/wp-content\/uploads\/2023\/06\/erdman_logo_handball_v2-768x188.png 768w, https:\/\/gewinnspiel.systemhaus-erdmann.de\/wp-content\/uploads\/2023\/06\/erdman_logo_handball_v2-1536x376.png 1536w, https:\/\/gewinnspiel.systemhaus-erdmann.de\/wp-content\/uploads\/2023\/06\/erdman_logo_handball_v2-2048x501.png 2048w\" sizes=\"auto, (max-width: 1024px) 100vw, 1024px\" \/>\t\t\t\t\t\t\t\t\t\t\t\t\t\t\t<\/div>\n\t\t\t\t<\/div>\n\t\t\t\t\t<\/div>\n\t\t<\/div>\n\t\t\t\t<div class=\"elementor-column elementor-col-25 elementor-top-column elementor-element elementor-element-271749b\" data-id=\"271749b\" data-element_type=\"column\">\n\t\t\t<div class=\"elementor-widget-wrap\">\n\t\t\t\t\t\t\t\t\t<\/div>\n\t\t<\/div>\n\t\t\t\t<div class=\"elementor-column elementor-col-25 elementor-top-column elementor-element elementor-element-2f16f19\" data-id=\"2f16f19\" data-element_type=\"column\">\n\t\t\t<div class=\"elementor-widget-wrap\">\n\t\t\t\t\t\t\t\t\t<\/div>\n\t\t<\/div>\n\t\t\t\t<div class=\"elementor-column elementor-col-25 elementor-top-column elementor-element elementor-element-a99e51a\" data-id=\"a99e51a\" data-element_type=\"column\">\n\t\t\t<div class=\"elementor-widget-wrap elementor-element-populated\">\n\t\t\t\t\t\t\t\t<div class=\"elementor-element elementor-element-2593b04 elementor-widget elementor-widget-text-editor\" data-id=\"2593b04\" data-element_type=\"widget\" data-widget_type=\"text-editor.default\">\n\t\t\t\t<div class=\"elementor-widget-container\">\n\t\t\t\t\t\t\t<section id=\"sp-top-block\"><div class=\"container\"><div class=\"row\"><div id=\"sp-top1\" class=\"col-lg-12 \"><div class=\"sp-column \"><div class=\"custom topContact\"><div class=\"row\"><div class=\"col-xs-12\"><p>0212.65 98 5-0 info@systemhaus-erdmann.de<\/p><\/div><\/div><\/div><\/div><\/div><\/div><\/div><\/section>\t\t\t\t\t\t<\/div>\n\t\t\t\t<\/div>\n\t\t\t\t\t<\/div>\n\t\t<\/div>\n\t\t\t\t\t\t\t<\/div>\n\t\t<\/section>\n\t\t\t\t<section class=\"elementor-section elementor-top-section elementor-element elementor-element-5a88fff elementor-section-boxed elementor-section-height-default elementor-section-height-default\" data-id=\"5a88fff\" data-element_type=\"section\">\n\t\t\t\t\t\t<div class=\"elementor-container elementor-column-gap-default\">\n\t\t\t\t\t<div class=\"elementor-column elementor-col-100 elementor-top-column elementor-element elementor-element-41c9127\" data-id=\"41c9127\" data-element_type=\"column\">\n\t\t\t<div class=\"elementor-widget-wrap elementor-element-populated\">\n\t\t\t\t\t\t\t\t<div class=\"elementor-element elementor-element-7fcf803 elementor-widget elementor-widget-text-editor\" data-id=\"7fcf803\" data-element_type=\"widget\" data-widget_type=\"text-editor.default\">\n\t\t\t\t<div class=\"elementor-widget-container\">\n\t\t\t\t\t\t\t<p><strong>Allgemeine Teilnahmebedingungen<\/strong><\/p><p>Systemhaus Erdmann GmbH &amp; Co. KG bietet zeitweise Verlosungen und Gewinnspiel-Aktionen an. Die Teilnahme an diesen Gewinnspielen bzw. Verlosungen richtet sich nach den folgenden allgemeinen Teilnahmebedingungen.<br \/><br \/>1. Gewinnspiel und Veranstalter<br \/>Veranstalter des Gewinnspiels ist Systemhaus Erdmann GmbH &amp; Co. KG, Heiligenstock 34c, 42697 Solingen (nachfolgend \u201eVeranstalter\u201c).<br \/>Die Teilnahme richtet sich ausschlie\u00dflich nach den folgenden Teilnahmebedingungen.<br \/><br \/>2. Teilnahme<br \/>a) Teilnahmeberechtigt ist jede nat\u00fcrliche Person ab 18 Jahren mit Wohnsitz in Deutschland. Ausgeschlossen von der Teilnahme sind jedoch Mitarbeiter des Veranstalters, sowie deren direkte Angeh\u00f6rige.<br \/>b) Die Teilnahme an dem Gewinnspiel ist ausschlie\u00dflich in dem dort genau beschriebenen Zeitraum m\u00f6glich.<br \/>c) Die Teilnahme ist selbstverst\u00e4ndlich vollkommen kostenlos und setzt nicht den Kauf einer Ware oder Dienstleistung voraus.<br \/>d) Die Teilnahme an dem Gewinnspiel ist abh\u00e4ngig von der vollst\u00e4ndigen Erf\u00fcllung der jeweils innerhalb des Gewinnspiels n\u00e4her beschriebenen Bedingungen. Nur solche Teilnahmen k\u00f6nnen innerhalb des Gewinnspiels ber\u00fccksichtigt werden. Unzutreffende Angaben oder unvollst\u00e4ndige Teilnahmen k\u00f6nnen nicht ber\u00fccksichtigt werden. F\u00fcr versp\u00e4tete oder unvollst\u00e4ndige Eing\u00e4nge kann der Veranstalter nicht verantwortlich gemacht werden.<br \/>e) Mit der Teilnahme an dem jeweiligen Gewinnspiel erkl\u00e4rt sich der Einwilligende mit diesen Teilnahmebedingungen einverstanden.<br \/><br \/>3. Durchf\u00fchrung und Abwicklung<br \/>a) Der innerhalb des konkreten Gewinnspiels n\u00e4her beschriebene Gewinn wird unter allen g\u00fcltigen Teilnahmen verlost.<br \/>b) Die Aktion startet mit dem jeweiligen Ver\u00f6ffentlichungsdatum und endet am auf der Aktionsseite angegebenen Datum.<br \/>c) Der Gewinner wird am Werktag nach Ende des Gewinnspiels ausgelost und per E-Mail benachrichtigt; er hat den Erhalt der Gewinnbenachrichtigung und die Inanspruchnahme des Gewinns innerhalb von zwei Wochen ab Gewinnbenachrichtigung auf dem innerhalb dieser Benachrichtigung genannten Kontaktwege zu best\u00e4tigen. Bleibt diese Best\u00e4tigung aus, wird der Gewinn an einen anderen Gewinnspielteilnehmer vergeben.<br \/>d) Der Anspruch auf den Gewinn entf\u00e4llt ebenfalls, wenn die \u00dcbermittlung des Gewinns nicht innerhalb von vier Wochen nach der ersten Benachrichtigung \u00fcber den Gewinn aus Gr\u00fcnden, welche in der Verantwortung des Gewinners liegen, erfolgen kann. Die \u00dcbermittlung erfolgt nur innerhalb Deutschlands. Stellt sich nach der Auslosung des Gewinners heraus, dass der Gewinner nicht wie in den Teilnahmebedingungen angegeben \u00fcber die notwendige Postadresse innerhalb Deutschlands verf\u00fcgt, wird der Gewinn an einen anderen Gewinnspielteilnehmer vergeben.<br \/>e) Der Anspruch auf den Gewinn kann nicht abgetreten werden und ist nicht \u00fcbertragbar; dar\u00fcber hinaus ist der Gewinn weder auszahlbar, noch erg\u00e4nz- oder \u00e4nderbar. Sollte der Gewinn, gleich aus welchem Grund, nicht zur Verf\u00fcgung gestellt werden k\u00f6nnen, beh\u00e4lt der Veranstalter sich das Recht vor, einen gleichwertigen Ersatzpreis zu vergeben.<br \/><br \/>4. Ausschluss der Teilnahme<br \/>a) Bei einem Versto\u00df gegen diese Teilnahmebedingungen beh\u00e4lt sich der Veranstalter das Recht vor, Teilnehmer vom Gewinnspiel auszuschlie\u00dfen.<br \/>b) Weiterhin beh\u00e4lt sich der Veranstalter das Recht vor, Teilnehmer auszuschlie\u00dfen, die sich unerlaubter Hilfsmittel bedienen oder sich anderweitig durch Manipulationen Vorteile verschaffen, etwa durch Sammel- oder Mehrfachteilnahmen. Dies liegt vor, wenn zum Beispiel automatische Skripte, Hackertools, Trojaner oder Viren eingesetzt werden, oder wenn ein Teilnehmer sich durch andere unerlaubte Mittel einen Vorteil verschafft. Des Weiteren k\u00f6nnen unwahre Personenangaben, sowie der Einsatz von \u201eFake-Profilen\u201c zum Ausschluss f\u00fchren. Gegebenenfalls k\u00f6nnen in solchen F\u00e4llen Gewinne auch noch nachtr\u00e4glich aberkannt und\/oder zur\u00fcckgefordert werden.<br \/><br \/>5. Vorzeitige Beendigung bzw. Abbruch des Gewinnspiels<br \/>Der Veranstalter ist berechtigt, das Gewinnspiel vorzeitig abzubrechen, auszusetzen oder zu ver\u00e4ndern, wenn unvorhergesehene, au\u00dferhalb des Einflussbereichs des Veranstalters liegende Umst\u00e4nde eintreten, die die urspr\u00fcngliche Durchf\u00fchrung erschweren oder f\u00fcr den Veranstalter unzumutbar machen. Hierzu geh\u00f6ren insbesondere, jedoch nicht abschlie\u00dfend, das nicht gestattete Eingreifen Dritter, technische Probleme mit Hard- und Software, die au\u00dferhalb des Machtbereichs des Veranstalters liegen, sowie Rechtsverletzungen, die im unmittelbaren Zusammenhang mit der Durchf\u00fchrung des Gewinnspiels stehen, hier insbesondere das manipulative Eingreifen in den Ablauf des Gewinnspiels.<br \/><br \/>6. Facebook<br \/>a) Das Gewinnspiel steht in keiner Verbindung zu Facebook und wird in keiner Weise von Facebook gesponsort, unterst\u00fctzt oder organisiert.<br \/>b) Den Teilnehmern entstehen gegen\u00fcber Facebook keinerlei Anspr\u00fcche aus der Teilnahme am Gewinnspiel oder durch einen Gewinn bei dem Gewinnspiel.<br \/>c) Anfragen und Hinweise durch die Teilnehmer sind ausschlie\u00dflich an den Veranstalter und nicht etwa an Facebook zu richten.<br \/><br \/>7. Twitter<br \/>a) Das Gewinnspiel steht in keiner Verbindung zu Twitter und wird in keiner Weise von Twitter gesponsort, unterst\u00fctzt oder organisiert; es entstehen dem Teilnehmer keinerlei Anspr\u00fcche gegen Twitter. Insoweit gelten die Bestimmung des Punktes 6. entsprechend.<br \/>b) Teilnehmer d\u00fcrfen nicht mit mehreren Accounts am Gewinnspiel teilnehmen. Insbesondere die Erstellung mehrerer Accounts zur vermeintlichen Erh\u00f6hung der Gewinnchancen ist untersagt.<br \/><br \/>8. Datenschutz<br \/>Der Veranstalter erhebt und nutzt die personenbezogenen Daten der Teilnehmer ausschlie\u00dflich im gesetzlich zul\u00e4ssigen Rahmen. Einzelheiten zur Art und dem Umfang der Datenverarbeitung entnehmen Sie bitte unserer ausf\u00fchrlichen Datenschutzerkl\u00e4rung.<br \/>Verantwortliche Stelle bzw. Verantwortlicher im Sinne des BDSG bzw. der DSGVO ist der Veranstalter des Gewinnspiels:<br \/><br \/>Systemhaus Erdmann GmbH &amp; Co. KG<br \/>Heiligenstock 34c<br \/>42697 Solingen<br \/><br \/>Wenn Sie an einem der Gewinnspiele des Veranstalters teilnehmen, werden folgende personenbezogene Daten durch den Veranstalter erhoben:<br \/><br \/>Vor- und Nachname, sowie entsprechende Anrede<br \/>Geburtsdatum<br \/>Ihre Postanschrift<br \/>Ihre E-Mailadresse<br \/><br \/>Diese Daten werden vom Veranstalter ausschlie\u00dflich zur Ermittlung des Gewinners, zur Pr\u00fcfung der Einhaltung der Teilnahmebedingung, sowie zur \u00dcbersendung des Gewinnes. Die Datenverarbeitung beruht dementsprechend auf Art. 6 Abs. 1 lit. b) DSGVO.<br \/><br \/>Der Veranstalter wird die Daten des Gewinners l\u00f6schen, wenn sie f\u00fcr die Durchf\u00fchrung dieser Zwecke nicht mehr erforderlich ist. Dies ist \u00fcblicherweise dann der Fall, wenn der Gewinn \u00fcbersandt wurde und der Veranstalter sich vergewissert hat, dass dieser beim Gewinner unbesch\u00e4digt angekommen ist.<br \/><br \/>Selbstverst\u00e4ndlich hat jeder Teilnehmer jederzeit das Recht, Auskunft \u00fcber die beim Veranstalter bez\u00fcglich seiner Person gespeicherten Daten gem. Art. 15 DSGVO zu verlangen. Das gleiche gilt f\u00fcr die L\u00f6schung von den entsprechenden Daten beim Veranstalter gem. Art. 17 DSGVO, sowie die Berichtigung gem. Art. 16 DSGVO und Sperrung der Daten gem. \u00a7 18 DSGVO.<br \/><br \/>Gegen eine Datenverarbeitung, welche der Veranstalter auf Art. 6 Abs. 1 lit. e oder f DSGVO st\u00fctzt, k\u00f6nnen Sie dar\u00fcber hinaus unter den Voraussetzungen des Art. 21 DSGVO Widerspruch einlegen. Nat\u00fcrlich haben Sie dar\u00fcber hinaus das Recht, sich \u00fcber die Verarbeitung Ihrer Daten bei der zust\u00e4ndigen Aufsichtsbeh\u00f6rde zu beschweren.<br \/><br \/>Detaillierte Informationen finden Sie jederzeit unter https:\/\/www.systemhaus-erdmann.de\/datenschutzerklaerung-footer<br \/><br \/>9. Haftung des Veranstalters<br \/>F\u00fcr eine Haftung des Veranstalters auf Schadensersatz gelten unbeschadet der sonstigen gesetzlichen Anspruchsvoraussetzungen die nachfolgenden Haftungsausschl\u00fcsse und \u2013begrenzungen:<br \/>a) Der Veranstalter haftet unbeschr\u00e4nkt, soweit die Schadensursache auf Vorsatz oder grober Fahrl\u00e4ssigkeit beruht.<br \/>b) Weiter tritt eine Veranstalterhaftung f\u00fcr leicht fahrl\u00e4ssig verursachte Verletzungen von wesentlichen Pflichten, deren Verletzung die Erreichung des Vertragszwecks gef\u00e4hrdet, oder f\u00fcr die Verletzung von Pflichten, deren Erf\u00fcllung die ordnungsgem\u00e4\u00dfe Durchf\u00fchrung des Gewinnspiels \u00fcberhaupt erst erm\u00f6glichen und auf deren Einhaltung die Vertragspartner regelm\u00e4\u00dfig vertrauen, ein. Der Haftungsumfang beschr\u00e4nkt sich f\u00fcr den Veranstalter in einem solchen Fall jedoch blo\u00df auf den vorhersehbaren, vertragstypischen Schaden.<br \/>c) Der Veranstalter haftet nicht f\u00fcr die leicht fahrl\u00e4ssige Verletzung anderer als den vorstehend benannten Pflichten.<br \/>d) Die bezeichneten Haftungsbeschr\u00e4nkungen gelten nicht bei Verletzungen von Leben, K\u00f6rper und Gesundheit, f\u00fcr einen Mangel nach \u00dcbernahme von Beschaffenheitsgarantien f\u00fcr die Beschaffenheit eines Produktes und bei arglistig verschwiegenen M\u00e4ngeln. Die<br \/>Haftung nach dem Produkthaftungsgesetz bleibt unber\u00fchrt.<br \/>e) Der Haftungsausschluss bzw. die Haftungsbeschr\u00e4nkung des Veranstalters gilt ebenso f\u00fcr die pers\u00f6nliche Haftung von Vertretern und Erf\u00fcllungsgehilfen des Veranstalters oder dessen Arbeitnehmern.<br \/><br \/>10. Schlussbestimmungen<br \/>a) Der Rechtsweg ist ausgeschlossen.<br \/>b) Es gilt das Recht der Bundesrepublik Deutschland unter Ausschluss des Internationalen Privatrechts und des ins Deutsche Recht \u00fcbernommenen UN-Kaufsrechts (CISG).<br \/>c) Sollten einzelne dieser Bestimmungen ung\u00fcltig sein oder werden, bleibt die G\u00fcltigkeit der \u00fcbrigen Bedingungen hiervon unber\u00fchrt.<\/p>\t\t\t\t\t\t<\/div>\n\t\t\t\t<\/div>\n\t\t\t\t\t<\/div>\n\t\t<\/div>\n\t\t\t\t\t\t\t<\/div>\n\t\t<\/section>\n\t\t\t\t\t\t\t<\/div>\n\t\t","protected":false},"excerpt":{"rendered":"<p>0212.65 98 5-0 info@systemhaus-erdmann.de 0212.65 98 5-0 info@systemhaus-erdmann.de Allgemeine Teilnahmebedingungen Systemhaus Erdmann GmbH &amp; Co. KG bietet zeitweise Verlosungen und Gewinnspiel-Aktionen an. Die Teilnahme an diesen Gewinnspielen bzw. Verlosungen richtet sich nach den folgenden allgemeinen Teilnahmebedingungen. 1. Gewinnspiel und VeranstalterVeranstalter des Gewinnspiels ist Systemhaus Erdmann GmbH &amp; Co. KG, Heiligenstock 34c, 42697 Solingen (nachfolgend \u201eVeranstalter\u201c).Die [&hellip;]<\/p>\n","protected":false},"author":1,"featured_media":0,"parent":0,"menu_order":0,"comment_status":"closed","ping_status":"closed","template":"elementor_canvas","meta":{"footnotes":""},"class_list":["post-6","page","type-page","status-publish","hentry","entry"],"_links":{"self":[{"href":"https:\/\/gewinnspiel.systemhaus-erdmann.de\/index.php?rest_route=\/wp\/v2\/pages\/6","targetHints":{"allow":["GET"]}}],"collection":[{"href":"https:\/\/gewinnspiel.systemhaus-erdmann.de\/index.php?rest_route=\/wp\/v2\/pages"}],"about":[{"href":"https:\/\/gewinnspiel.systemhaus-erdmann.de\/index.php?rest_route=\/wp\/v2\/types\/page"}],"author":[{"embeddable":true,"href":"https:\/\/gewinnspiel.systemhaus-erdmann.de\/index.php?rest_route=\/wp\/v2\/users\/1"}],"replies":[{"embeddable":true,"href":"https:\/\/gewinnspiel.systemhaus-erdmann.de\/index.php?rest_route=%2Fwp%2Fv2%2Fcomments&post=6"}],"version-history":[{"count":28,"href":"https:\/\/gewinnspiel.systemhaus-erdmann.de\/index.php?rest_route=\/wp\/v2\/pages\/6\/revisions"}],"predecessor-version":[{"id":38,"href":"https:\/\/gewinnspiel.systemhaus-erdmann.de\/index.php?rest_route=\/wp\/v2\/pages\/6\/revisions\/38"}],"wp:attachment":[{"href":"https:\/\/gewinnspiel.systemhaus-erdmann.de\/index.php?rest_route=%2Fwp%2Fv2%2Fmedia&parent=6"}],"curies":[{"name":"wp","href":"https:\/\/api.w.org\/{rel}","templated":true}]}}